{"id":372,"date":"2017-03-22T13:50:21","date_gmt":"2017-03-22T11:50:21","guid":{"rendered":"http:\/\/migrationwp.azurewebsites.net\/%d7%90%d7%95%d7%93%d7%95%d7%aa\/"},"modified":"2022-08-15T11:58:41","modified_gmt":"2022-08-15T08:58:41","slug":"%d7%90%d7%95%d7%93%d7%95%d7%aa","status":"publish","type":"page","link":"https:\/\/migration.cet.ac.il\/de\/%d7%90%d7%95%d7%93%d7%95%d7%aa\/","title":{"rendered":"\u00dcber das Projekt"},"content":{"rendered":"<p dir=\"ltr\"><strong>Hintergrund<\/strong><\/p>\n<p dir=\"ltr\">Die gemeinsamen Unterrichtseinheiten zum Thema Migration aus bilateraler Perspektive sind ein Projekt der Deutsch-Israelischen Schulbuchkommission in Zusammenarbeit mit dem Leibniz-Institut f\u00fcr Bildungsmedien | Georg-Eckert-Institut Schulbuchforschung in Braunschweig (GEI) und dem Tel Aviver Center for Educational Technology (CET). Die Schulbuchkommission hatte im Sommer 2015 nach der Untersuchung deutscher und israelischer Schulb\u00fccher festgestellt, dass das Bild, das von Israel bzw. Deutschland in den Lehrwerken des jeweils anderen Landes vermittelt wird, unzureichend und oft einseitig ist. W\u00e4hrend Geschichte, Gesellschaft und Kultur der Bundesrepublik in israelischen Schulb\u00fcchern kaum eine Rolle spielen, wird Israel in deutschen Schulb\u00fcchern fast ausschlie\u00dflich im Kontext des Nahostkonflikts dargestellt, wodurch ein verzerrtes Bild des j\u00fcdischen Staates entsteht. Die Schulbuchkommission ver\u00f6ffentlichte entsprechende Empfehlungen, um diese Defizite und Verzerrungen zu korrigieren. Sie regte dar\u00fcber hinaus an, gemeinsame Unterrichtsmaterialien zu Themen zu entwerfen, die beide L\u00e4nder gleicherma\u00dfen betreffen, wie etwa die Folgen der Globalisierung, Umweltschutz oder Migration.<\/p>\n<p dir=\"ltr\">Aus dieser Anregung ist das Projekt <strong>Von hier -&gt; Dorthin | Hierher &lt;- Von dort<\/strong> hervorgegangen. Wie schon die Analyse der Schulb\u00fccher in den Jahren 2010 bis 2015 wurde auch die Arbeit an den gemeinsamen digitalen Unterrichtseinheiten vom deutschen Ausw\u00e4rtigen Amt und vom israelischen Erziehungsministerium gef\u00f6rdert. In Israel sind die Unterrichtseinheiten Teil eines umfassenden Kurses zum Thema Migration, der im Fach \u201eAllgemeine Bildung\u201c in der 10. Klasse unterrichtet werden kann. Dabei geht es um das Verst\u00e4ndnis von Migration als ein weltweites Ph\u00e4nomen, mit einem besonderen Fokus auf Israel und Deutschland. Gleichzeitig vermittelt der israelische Kurs grundlegende Informationen \u00fcber die Gesellschaft und das politische System der Bundesrepublik Deutschland. Mehrere Module dieses Kurses wurden von israelischen und deutschen Wissenschaftlerinnen und Wissenschaftlern, P\u00e4dagoginnen und P\u00e4dagogen mit Blick auf ihren Einsatz in beiden L\u00e4ndern gemeinsam entwickelt. F\u00fcr die Themenwahl war der Gedanke ausschlaggebend, dass die Einheiten zum einen Migration im Kontext der durch Ein- und Auswanderung verbundenen Geschichte beider L\u00e4nder behandeln sollten. Zum anderen sollten sie auf Migration und Gesellschaft bezogene Informationen \u00fcber das andere Land im Sinne der Empfehlungen der Schulbuchkommission liefern.<\/p>\n<p dir=\"ltr\"><strong>Zum Einsatz im Unterricht<\/strong><\/p>\n<p dir=\"ltr\">F\u00fcr den Gebrauch an deutschen Schulen wurden die gemeinsamen Unterrichtsmodule \u00fcbersetzt, inhaltlich und didaktisch angepasst und technisch am CET umgesetzt. Dabei sind die Einheiten f\u00fcr das Fach Geschichte sowie die Geographie-Einheit \u00fcber Tel Aviv in ihrer deutschen und israelischen Version inhaltlich fast identisch, w\u00e4hrend f\u00fcr das Fach Sozialkunde\/Politik Teile von Einheiten aus dem israelischen Kurs miteinander kombiniert wurden, um deutschen Sch\u00fclerinnen und Sch\u00fclern eine Vorstellung von Israel als Einwanderungsland vermitteln zu k\u00f6nnen, ohne dass diese \u00fcber das bei ihren israelischen Altersgenossen nat\u00fcrlich vorausgesetzte Vorwissen verf\u00fcgen m\u00fcssen.<br \/>\nDie jeweiligen Einheiten k\u00f6nnen als Ganzes im Rahmen z.B. eines Unterrichtsprojekts behandelt werden; es ist jedoch auch m\u00f6glich, einzelne oder mehrere der Bildschirme einer Einheit separat zur Unterrichtsgestaltung heranzuziehen. Der Er\u00f6ffnungsbildschirm jeder Einheit bietet entsprechende, auf das gesamte Modul bezogene Hinweise f\u00fcr Lehrkr\u00e4fte; in den meisten Einheiten gibt es dar\u00fcber hinaus zus\u00e4tzliche Hinweise auf den einzelnen Bildschirmen. In Israel wird der Kurs durchgehend frontal unter Zuhilfenahme eines Smartboards bzw. eines Beamers unterrichtet. Dies ist generell auch in deutschen Schulen m\u00f6glich; die Sch\u00fclerinnen und Sch\u00fcler k\u00f6nnen dar\u00fcber hinaus jedoch auch ermuntert<br \/>\nwerden, sich Teile der Einheiten im Unterricht oder zu Hause selbst\u00e4ndig zu erarbeiten. Ein Verzeichnis weiterf\u00fchrender Literatur und von Links zu relevanten Webseiten erm\u00f6glicht die vertiefende Arbeit mit den Unterrichtseinheiten.<\/p>\n<p dir=\"ltr\"><b>Mitwirkende<\/b><\/p>\n<p style=\"direction: ltr;\"><span style=\"color: #ff6600;\">Deutsch-Israelische Schulbuchkommission\u00a0<\/span><\/p>\n<p style=\"direction: ltr;\">Deutsche Delegation:Prof. Dr. Eckhardt Fuchs, Leibniz-Institut f\u00fcr Bildungsmedien | Georg-Eckert-Institut, Braunschweig (Vorsitzender)<\/p>\n<p style=\"direction: ltr;\">Prof. Dr. Michael Hemmer, Universit\u00e4t M\u00fcnster (Geographie)<\/p>\n<p style=\"direction: ltr;\">Prof. Dr. Alfons Kenkmann, Universit\u00e4t Leipzig (Geschichte)<\/p>\n<p style=\"direction: ltr;\">Frank Langner, OStD, Friedrich-Ebert-Gymnasium, Bonn (Sozialkunde)<\/p>\n<p style=\"direction: ltr;\">Dr. Martin Liepach, Fritz Bauer Institut, Frankfurt am Main (Geschichte)<\/p>\n<p style=\"direction: ltr;\">Dr. Dirk Sadowski,Leibniz-Institut f\u00fcr Bildungsmedien | Georg-Eckert-Institut, Braunschweig (Geschichte)<\/p>\n<p style=\"direction: ltr;\">Prof. Dr. Wolfgang Sander, Universit\u00e4t Gie\u00dfen (Sozialkunde)<\/p>\n<p style=\"direction: ltr;\">Prof. Dr. Gabriele Schr\u00fcfer, Universit\u00e4t M\u00fcnster (Geographie)<\/p>\n<p style=\"direction: ltr;\"><span style=\"color: #ff6600;\">Israelische Delegation:<\/span><\/p>\n<p style=\"direction: ltr;\">Dalia Fenig, Israelisches Erziehungsministerium, Jerusalem (Vorsitzende)<\/p>\n<p style=\"direction: ltr;\">Pnina Gazit, Israelisches Erziehungsministerium, Jerusalem (Geographie)<\/p>\n<p style=\"direction: ltr;\">Yael Guron, Israelisches Erziehungsministerium, Jerusalem (Sozialkunde)<\/p>\n<p style=\"direction: ltr;\">Dr. Orna Katz-Atar, Israelisches Erziehungsministerium, Jerusalem (Geschichte)<\/p>\n<p style=\"direction: ltr;\"><span style=\"color: #ff6600;\">Autorinnen und Autoren<\/span><br \/>\nNa\u2019ama Cohen-Baruchi, Ofira Gal, Sarah Hagmann, Tamar Katz, Prof. Dr. Alfons Kenkmann, Frank Langner, Dr. Martin Liepach, Elisabeth Luther, Orit Ramon, Dr. Dirk Sadowski, Prof. Dr. Wolfgang Sander, Billy Savir, Michal Schwartz, Aviv Tzemach, Torben Wengenroth<\/p>\n<p dir=\"ltr\"><span style=\"color: #ff6600;\">Redaktionsleitung CET<\/span><br \/>\nSharon Ayalon (Leitung)<\/p>\n<p dir=\"ltr\">Dr. Hanna Holland (stellv. Leitung)<\/p>\n<p dir=\"ltr\">Dr. Shamir Yeger (stellv. Leitung)<\/p>\n<p dir=\"ltr\"><span style=\"color: #ff6600;\">Redaktionelle Mitarbeit und Recherche<\/span><\/p>\n<p dir=\"ltr\">Claudia Boujeddayn<\/p>\n<p dir=\"ltr\">Lior Lavid<\/p>\n<p dir=\"ltr\">Hilla Lavie<\/p>\n<p dir=\"ltr\">Matthias Springborn<\/p>\n<p dir=\"ltr\"><span style=\"color: #ff6600;\">\u00dcbersetzungen aus dem Hebr\u00e4ischen\u00a0<\/span><br \/>\nDr. Dirk Sadowski<\/p>\n","protected":false},"excerpt":{"rendered":"<p>Hintergrund Die gemeinsamen Unterrichtseinheiten zum Thema Migration aus bilateraler Perspektive sind ein Projekt der Deutsch-Israelischen Schulbuchkommission in Zusammenarbeit mit dem Leibniz-Institut f\u00fcr Bildungsmedien | Georg-Eckert-Institut Schulbuchforschung in Braunschweig [&hellip;]<\/p>\n","protected":false},"author":50000,"featured_media":0,"parent":0,"menu_order":4,"comment_status":"closed","ping_status":"closed","template":"","meta":[],"_links":{"self":[{"href":"https:\/\/migration.cet.ac.il\/de\/wp-json\/wp\/v2\/pages\/372\/"}],"collection":[{"href":"https:\/\/migration.cet.ac.il\/de\/wp-json\/wp\/v2\/pages\/"}],"about":[{"href":"https:\/\/migration.cet.ac.il\/de\/wp-json\/wp\/v2\/types\/page\/"}],"author":[{"embeddable":true,"href":"https:\/\/migration.cet.ac.il\/de\/wp-json\/wp\/v2\/users\/50000\/"}],"replies":[{"embeddable":true,"href":"https:\/\/migration.cet.ac.il\/de\/wp-json\/wp\/v2\/comments\/?post=372"}],"version-history":[{"count":23,"href":"https:\/\/migration.cet.ac.il\/de\/wp-json\/wp\/v2\/pages\/372\/revisions\/"}],"predecessor-version":[{"id":737,"href":"https:\/\/migration.cet.ac.il\/de\/wp-json\/wp\/v2\/pages\/372\/revisions\/737\/"}],"wp:attachment":[{"href":"https:\/\/migration.cet.ac.il\/de\/wp-json\/wp\/v2\/media\/?parent=372"}],"curies":[{"name":"wp","href":"https:\/\/api.w.org\/{rel}","templated":true}]}}

Über das Projekt

<p dir="ltr"><strong>Hintergrund</strong></p>
<p dir="ltr">Die gemeinsamen Unterrichtseinheiten zum Thema Migration aus bilateraler Perspektive sind ein Projekt der Deutsch-Israelischen Schulbuchkommission in Zusammenarbeit mit dem Leibniz-Institut für Bildungsmedien | Georg-Eckert-Institut Schulbuchforschung in Braunschweig (GEI) und dem Tel Aviver Center for Educational Technology (CET). Die Schulbuchkommission hatte im Sommer 2015 nach der Untersuchung deutscher und israelischer Schulbücher festgestellt, dass das Bild, das von Israel bzw. Deutschland in den Lehrwerken des jeweils anderen Landes vermittelt wird, unzureichend und oft einseitig ist. Während Geschichte, Gesellschaft und Kultur der Bundesrepublik in israelischen Schulbüchern kaum eine Rolle spielen, wird Israel in deutschen Schulbüchern fast ausschließlich im Kontext des Nahostkonflikts dargestellt, wodurch ein verzerrtes Bild des jüdischen Staates entsteht. Die Schulbuchkommission veröffentlichte entsprechende Empfehlungen, um diese Defizite und Verzerrungen zu korrigieren. Sie regte darüber hinaus an, gemeinsame Unterrichtsmaterialien zu Themen zu entwerfen, die beide Länder gleichermaßen betreffen, wie etwa die Folgen der Globalisierung, Umweltschutz oder Migration.</p>
<p dir="ltr">Aus dieser Anregung ist das Projekt <strong>Von hier -&gt; Dorthin | Hierher &lt;- Von dort</strong> hervorgegangen. Wie schon die Analyse der Schulbücher in den Jahren 2010 bis 2015 wurde auch die Arbeit an den gemeinsamen digitalen Unterrichtseinheiten vom deutschen Auswärtigen Amt und vom israelischen Erziehungsministerium gefördert. In Israel sind die Unterrichtseinheiten Teil eines umfassenden Kurses zum Thema Migration, der im Fach „Allgemeine Bildung“ in der 10. Klasse unterrichtet werden kann. Dabei geht es um das Verständnis von Migration als ein weltweites Phänomen, mit einem besonderen Fokus auf Israel und Deutschland. Gleichzeitig vermittelt der israelische Kurs grundlegende Informationen über die Gesellschaft und das politische System der Bundesrepublik Deutschland. Mehrere Module dieses Kurses wurden von israelischen und deutschen Wissenschaftlerinnen und Wissenschaftlern, Pädagoginnen und Pädagogen mit Blick auf ihren Einsatz in beiden Ländern gemeinsam entwickelt. Für die Themenwahl war der Gedanke ausschlaggebend, dass die Einheiten zum einen Migration im Kontext der durch Ein- und Auswanderung verbundenen Geschichte beider Länder behandeln sollten. Zum anderen sollten sie auf Migration und Gesellschaft bezogene Informationen über das andere Land im Sinne der Empfehlungen der Schulbuchkommission liefern.</p>
<p dir="ltr"><strong>Zum Einsatz im Unterricht</strong></p>
<p dir="ltr">Für den Gebrauch an deutschen Schulen wurden die gemeinsamen Unterrichtsmodule übersetzt, inhaltlich und didaktisch angepasst und technisch am CET umgesetzt. Dabei sind die Einheiten für das Fach Geschichte sowie die Geographie-Einheit über Tel Aviv in ihrer deutschen und israelischen Version inhaltlich fast identisch, während für das Fach Sozialkunde/Politik Teile von Einheiten aus dem israelischen Kurs miteinander kombiniert wurden, um deutschen Schülerinnen und Schülern eine Vorstellung von Israel als Einwanderungsland vermitteln zu können, ohne dass diese über das bei ihren israelischen Altersgenossen natürlich vorausgesetzte Vorwissen verfügen müssen.<br />
Die jeweiligen Einheiten können als Ganzes im Rahmen z.B. eines Unterrichtsprojekts behandelt werden; es ist jedoch auch möglich, einzelne oder mehrere der Bildschirme einer Einheit separat zur Unterrichtsgestaltung heranzuziehen. Der Eröffnungsbildschirm jeder Einheit bietet entsprechende, auf das gesamte Modul bezogene Hinweise für Lehrkräfte; in den meisten Einheiten gibt es darüber hinaus zusätzliche Hinweise auf den einzelnen Bildschirmen. In Israel wird der Kurs durchgehend frontal unter Zuhilfenahme eines Smartboards bzw. eines Beamers unterrichtet. Dies ist generell auch in deutschen Schulen möglich; die Schülerinnen und Schüler können darüber hinaus jedoch auch ermuntert<br />
werden, sich Teile der Einheiten im Unterricht oder zu Hause selbständig zu erarbeiten. Ein Verzeichnis weiterführender Literatur und von Links zu relevanten Webseiten ermöglicht die vertiefende Arbeit mit den Unterrichtseinheiten.</p>
<p dir="ltr"><b>Mitwirkende</b></p>
<p style="direction: ltr;"><span style="color: #ff6600;">Deutsch-Israelische Schulbuchkommission </span></p>
<p style="direction: ltr;">Deutsche Delegation:Prof. Dr. Eckhardt Fuchs, Leibniz-Institut für Bildungsmedien | Georg-Eckert-Institut, Braunschweig (Vorsitzender)</p>
<p style="direction: ltr;">Prof. Dr. Michael Hemmer, Universität Münster (Geographie)</p>
<p style="direction: ltr;">Prof. Dr. Alfons Kenkmann, Universität Leipzig (Geschichte)</p>
<p style="direction: ltr;">Frank Langner, OStD, Friedrich-Ebert-Gymnasium, Bonn (Sozialkunde)</p>
<p style="direction: ltr;">Dr. Martin Liepach, Fritz Bauer Institut, Frankfurt am Main (Geschichte)</p>
<p style="direction: ltr;">Dr. Dirk Sadowski,Leibniz-Institut für Bildungsmedien | Georg-Eckert-Institut, Braunschweig (Geschichte)</p>
<p style="direction: ltr;">Prof. Dr. Wolfgang Sander, Universität Gießen (Sozialkunde)</p>
<p style="direction: ltr;">Prof. Dr. Gabriele Schrüfer, Universität Münster (Geographie)</p>
<p style="direction: ltr;"><span style="color: #ff6600;">Israelische Delegation:</span></p>
<p style="direction: ltr;">Dalia Fenig, Israelisches Erziehungsministerium, Jerusalem (Vorsitzende)</p>
<p style="direction: ltr;">Pnina Gazit, Israelisches Erziehungsministerium, Jerusalem (Geographie)</p>
<p style="direction: ltr;">Yael Guron, Israelisches Erziehungsministerium, Jerusalem (Sozialkunde)</p>
<p style="direction: ltr;">Dr. Orna Katz-Atar, Israelisches Erziehungsministerium, Jerusalem (Geschichte)</p>
<p style="direction: ltr;"><span style="color: #ff6600;">Autorinnen und Autoren</span><br />
Na’ama Cohen-Baruchi, Ofira Gal, Sarah Hagmann, Tamar Katz, Prof. Dr. Alfons Kenkmann, Frank Langner, Dr. Martin Liepach, Elisabeth Luther, Orit Ramon, Dr. Dirk Sadowski, Prof. Dr. Wolfgang Sander, Billy Savir, Michal Schwartz, Aviv Tzemach, Torben Wengenroth</p>
<p dir="ltr"><span style="color: #ff6600;">Redaktionsleitung CET</span><br />
Sharon Ayalon (Leitung)</p>
<p dir="ltr">Dr. Hanna Holland (stellv. Leitung)</p>
<p dir="ltr">Dr. Shamir Yeger (stellv. Leitung)</p>
<p dir="ltr"><span style="color: #ff6600;">Redaktionelle Mitarbeit und Recherche</span></p>
<p dir="ltr">Claudia Boujeddayn</p>
<p dir="ltr">Lior Lavid</p>
<p dir="ltr">Hilla Lavie</p>
<p dir="ltr">Matthias Springborn</p>
<p dir="ltr"><span style="color: #ff6600;">Übersetzungen aus dem Hebräischen </span><br />
Dr. Dirk Sadowski</p>

<p>Hintergrund Die gemeinsamen Unterrichtseinheiten zum Thema Migration aus bilateraler Perspektive sind ein Projekt der Deutsch-Israelischen Schulbuchkommission in Zusammenarbeit mit dem Leibniz-Institut für Bildungsmedien | Georg-Eckert-Institut Schulbuchforschung in Braunschweig [&hellip;]</p>
